Let c be 12/(-18) - 444/(-18). Give y(c).
-9
Let z(u) = u**2 - 2. Suppose -201 = -9*q - 174. Determine z(q).
7
Let z(f) = -6*f**2 - 2*f - 4 + 2 + 1. Let p be 10/20 + 82/4. Suppose p = 4*c + 25. Calculate z(c).
-5
Let k(m) = m**3 + m**2 - 3*m - 3. Let o be k(-3). Let z(i) = i**2 + 12*i - 13. Give z(o).
-13
Let h(c) = 3*c + 3. Let o(n) = n**2 + 9*n - 24. Let z be o(-11). Give h(z).
-3
Let w(n) be the third derivative of n**6/120 + n**4/24 - 5*n**3/6 - 7*n**2 + 1. What is w(0)?
-5
Let s(i) = -21*i. Let z(j) = -23*j. Let p(r) = 5*s(r) - 4*z(r). Calculate p(-1).
13
Let s(g) = 2. Let t(o) = -3*o - 21. Let i(b) = 8*s(b) + t(b). Calculate i(-3).
4
Let j(v) = 4 + 14*v**3 - 21*v**2 - 3 + 19*v**2. What is j(-1)?
-15
Let h(b) = -2*b - 3. Suppose -4*f = 2 + 6. Let t = f + -2. Let l = 2 + t. Give h(l).
1
Let v be (-16)/(-12)*(-2 + (1 - 2)). Let b(i) = i**3 + 4*i**2. What is b(v)?
0
Let d(a) be the third derivative of -a**6/120 - a**5/12 + 3*a**4/8 + 2*a**3 - 12*a**2 + 8*a. Give d(-6).
-6
Let f(r) = -128*r - 165 + 126*r - 7*r**2 + 164. Suppose 0 = -y + 4*y + 3. Give f(y).
-6
Let g(j) = -j**3 + 0*j + 8*j**2 + 75 + 66 - 7*j - 139. Calculate g(7).
2
Let i(j) = -j**3 - 4*j**2 + 2*j - 4. Let v(o) = -o**3 + 8*o**2 + 9*o - 4. Suppose -4*b + 27 = 3*l + b, -3*l + 27 = -5*b. Let d be v(l). Determine i(d).
-12
Let i = -228 - -223. Let c(b) = b**2 + 3*b - 6. Give c(i).
4
Let y(u) = 2*u**3 + 8*u**2 + 11*u - 3. Let r(l) be the second derivative of -3*l**5/20 - l**4 - 8*l**3/3 + 2*l**2 + 8*l. Let v(f) = 5*r(f) + 7*y(f). Give v(-3).
-1
Let o(k) = 8*k**2 + 6*k + 1. Let u be o(-1). Let r be 4 - -1 - (u - (2 + 1)). Let z(c) = 2*c - 6*c**3 + 4*c**2 + 5*c**3 + 4*c + 2. What is z(r)?
7
Let x(n) = 6*n**3 + 25*n**2 - 11*n + 1. Let f(y) = 7*y**3 + 27*y**2 - 10*y + 2. Let g(p) = -5*f(p) + 6*x(p). Give g(-16).
-4
Let a(y) = -14*y - 6. Let d(o) = -3*o - 1. Suppose -h = -3*i + 5 + 8, -2*h = 5*i - 29. Let l(c) = h*a(c) - 11*d(c). What is l(-1)?
-6
Suppose -5*n + 2 - 22 = 0. Let s(b) be the third derivative of -b**5/60 + b**4/24 + b**3/3 + 1177*b**2. What is s(n)?
-18
Let c(d) = 7*d**2 + 1706*d + 1707*d - 17 + d**3 - 3414*d. What is c(-7)?
-10
Let g(z) be the first derivative of -z**2 + 18*z - 39. Give g(12).
-6
Let q(s) = -3*s - 6. Let v(d) = 6*d + 16. Let u(x) = 1. Let b(z) = -3*u(z) + v(z). Let m = -1225 - -1220. Let a(h) = m*q(h) - 2*b(h). What is a(4)?
16
Let l(g) = 7*g. Let o(b) = 12*b + 3. Let x(f) = -7*l(f) + 4*o(f). Calculate x(5).
7
Let q(y) = 3*y + 2. Suppose -3*l + 6 = 2*b - 7, 3*l - 11 = -4*b. Determine q(b).
-1
Suppose 18*j - 14 = 20*j. Let f(b) = b**3 + 8*b**2 + 8*b + 5. Give f(j).
-2
Let l(y) = -2*y**3 - 2*y**2 - 4*y - 3. Suppose -3*d - 172 + 29 = -4*v, -5*d - 5*v - 250 = 0. Let g = -51 - d. Determine l(g).
13
Let o = -28 - -21. Let r(m) = 9*m**2 + 17*m - 32. Let i(c) = 4*c**2 + 8*c - 15. Let f(h) = -7*i(h) + 3*r(h). Give f(o).
-5
Let x(f) = 5 - 382*f**2 + 380*f**2 + f - 4*f + 3*f. Give x(-5).
-45
Let s(y) = -25*y - 460. Let z be s(-18). Let t(b) = 3*b**2 + 13*b + 2. Let m(r) = -r**2 - r + 1. Let x(a) = -2*m(a) - t(a). Calculate x(z).
6
Let z(v) be the first derivative of v**5/60 - 5*v**4/24 + v**3/6 - 9*v**2/2 - 6. Let p(g) be the second derivative of z(g). Give p(2).
-5
Let d = 3 + 1. Let v(x) = x**2 + 3*x + 4. Let r be v(-2). Let g(k) = 5 + 2*k + d*k - k**r + 1. What is g(6)?
6
Let y be 72/(-84) - 192/(-28). Let k(w) = w**3 - 7*w**2 + 3*w + 7. Calculate k(y).
-11
Let h(j) = -208 + 213 - 2*j + 4*j. Let w be h(-3). Let b(s) = -8*s. Give b(w).
8
Let l(f) = -f**3 - 7*f**2 - 2*f - 6. Suppose -3*j = 3*v + 2 - 8, 4*v - 14 = -2*j. Suppose 0 = v*z + 27 + 8. Let t = z + 0. Determine l(t).
8
Let u(h) = -h**3 + 6*h**2 - 2*h - 7. Let f(b) = -7*b**2 + 306*b + 93. Let w be f(44). Give u(w).
8
Let z(j) = 3*j**2 - j + 1. Let l be z(1). Let d(h) = 3*h**2 + 0*h**2 - 1 + l*h**2 - 2*h - 7*h**2. Determine d(3).
-16
Let i(z) = -4*z**2 - z + 2. Let p be (-4)/18 + 202/18. Let t be (-10)/(-3)*(-30)/(-20). Suppose -t*q + 1 = -4, -p = 5*l - q. What is i(l)?
-12
Let w(v) = 1 - 1275*v + 1277*v + 3. Let i(q) = q**3 + 3*q**2 + q - 2. Let k be i(-3). Determine w(k).
-6
Let u(d) be the third derivative of -1/12*d**4 + 0*d - 1/6*d**3 + 0 + 32*d**2 - 7/60*d**5. Determine u(-1).
-6
Let n(y) be the second derivative of y**5/20 + 5*y**4/12 + y**3/2 - 2*y**2 + 3*y + 1. Determine n(-5).
-19
Let k(y) be the first derivative of y**4/4 + 3*y**3 + 9*y**2/2 - 73. What is k(-8)?
-8
Let c(t) be the third derivative of 0*t + 5/6*t**3 + 0 - 15*t**2 - 1/24*t**4. Calculate c(10).
-5
Let g = -813 + 823. Let r(b) = b**2 - 11*b - 6. Calculate r(g).
-16
Let c(p) = p**3 + 15*p**2 + 11*p - 40. Let u be c(-14). Let r(t) = -3*t**2 + 4*t - 3. What is r(u)?
-7
Let l(y) = y**2 + 2*y - 2. Let p(g) = -g + 12. Let w be p(0). Let i(q) = q**3 + 7*q**2 + 13*q + 30. Let j be i(-5). Let z = w - j. Calculate l(z).
1
Let t(i) = i + 31*i - 35*i - 4*i**2. Give t(-3).
-27
Let l(b) = -b**2 - 7*b + 5. Let j(n) = -n**2 + 16*n - 2. Let a be j(11). Let t = 46 - a. Calculate l(t).
5
Suppose -3*y - 12 = 0, 5*y - 4 = 5*p + 6. Let d(c) = c**2 - 3. Let w(k) = 3*k**2 - 8*k - 12. Let q(u) = 4*d(u) - w(u). Determine q(p).
-12
Let x(w) = 3*w - 4. Suppose 2*n - 224 = -74. Suppose 4*z - 29 = n. Suppose 2*r + 5*j = -z, 0*r = -3*r - 3*j - 21. Calculate x(r).
-13
Let a(s) be the second derivative of -s**3/3 + 9*s**2/2 - 3*s. Let j be ((-5)/2)/(110/(-264)). Determine a(j).
-3
Let x(j) = 2*j**2 + 15*j. Let o(f) = f**2 + 9*f - 1. Let b(w) = -4*o(w) + 3*x(w). Give b(-4).
0
Let g = -19 - -45. Suppose -o - 3*d - 5 = 0, o - 2*d - g = -4*o. Let q(z) = z - 3. Let p(c) = -3*c + 9. Let a(f) = -2*p(f) - 7*q(f). Determine a(o).
-1
Let k(l) = 6*l - 3. Let g(i) = -7*i + 3. Let s(v) = 3*g(v) + 4*k(v). Let j(w) = -w + 2. Let r be j(0). Determine s(r).
3
Let z(b) = b**3 - 11*b**2 + 4*b - 14. Let v be z(11). Let m = v + -25. Let h(l) = -3*l + 0*l - 4 + 7*l - 2*l. What is h(m)?
6
Let z = -206 - -200. Let c(y) = y**3 + 5*y**2 - 9*y - 13. Calculate c(z).
5
Let k(i) = 4*i + 41 + 4*i**2 - 45 - 3*i**2 - 3*i**2. Suppose 5*g = -4*x + 31, x + 0 = 3*g - 5. What is k(g)?
-10
Let j be 10/(-4)*-8*15/50. Let t(f) = -f**3 + 5*f**2 + 7*f - 6. What is t(j)?
0
Let o = 472 + -459. Let r(k) = k**3 - 13*k**2 + k - 10. What is r(o)?
3
Let b(v) = -v**3 - 6*v**2 + 7*v + 2. Let o be b(-7). Let g(r) = 9 - 2 - o + r. What is g(-5)?
0
Let t(d) = 2*d. Suppose 25*c - 30*c + 3*v = 16, -c = -3*v - 4. Give t(c).
-10
Let q(c) = c**2 - 15*c - 3. Let o be q(15). Let y(s) = -4*s + 2. Give y(o).
14
Let n(s) = s + 1. Let h(y) = -2*y - 1. Suppose 2*l - 19 = 3*i, -2*i + l = -2*l + 6. Let r(a) = i*n(a) - 4*h(a). Let m be ((-9)/(-6) - 2)*0. What is r(m)?
-5
Let u(b) = 3*b**2 + b - 1. Let r be (4 + 0)*(-25)/10. Let m be r/(-14) + 8/28. Let t = m + 0. Determine u(t).
3
Let s be (-210)/(-50) + (-1)/5. Suppose f = -f + s. Suppose -5*y = 13 + f. Let j(m) = m - 1. Give j(y).
-4
Suppose 382*p = 375*p - 49. Let j(f) = f**2 + 7*f + 10. What is j(p)?
10
Suppose -4*v + 188 = 216. Let s(a) = -a**3 - 8*a**2 - 8*a + 2. What is s(v)?
9
Suppose -16 + 4 = -4*d, -p + 3*d = 7. Let m(s) = -s**2 + 3*s - 2. Let l(x) = -x**2 + x. Let f(o) = -l(o) - m(o). Determine f(p).
2
Suppose f = -m + 2*m - 17, -3*f - 53 = -5*m. Let w(k) = -k**3 - 16*k**2 - k - 20. Determine w(f).
-4
Let j(a) = a - 1. Let x(l) = l**2 + 3*l + 14. Let s(k) = -4*j(k) - x(k). What is s(-8)?
-18
Suppose -4*a - 13 = -k, -2*a - 3*a - 2*k = 0. Let l be 0/(a/(-2) + -3). Let i(s) = -s + 3. Give i(l).
3
Let k(w) = -2*w**2 - 2*w + 6. Let z be k(2). Let u(a) = -a**3 - 6*a**2 + 2*a + 10. Calculate u(z).
-2
Let y(x) = x**2 + 7*x - 5. Let v(b) = -3*b - 19. Let p be v(-12). Let z be (-8)/(-12)*138/(-4). Let n = p + z. Calculate y(n).
-11
Let w(q) be the third derivative of 1/6*q**3 + 1/60*q**5 + 0 + 0*q + 5/12*q**4 - 34*q**2. What is w(-10)?
1
Let s = -2 + 0. Let q = 13 + -9. Let n(g) = -q*g + 4 + g - 2 + 4*g. What is n(s)?
0
Suppose 1 + 19 = -5*g. Let q(l) = 13*l - 2*l**3 - 3*l**2 - 9*l + l**3 - 3. Calculate q(g).
-3
Let k = -9 - -12. Suppose -b - 1 = 3, -8 = k*x - b. Let l(p) = p. Determine l(x).
-4
Let j(t) be the third derivative of 0 - 1/12*t**4 - 2*t**3 - 2/15*t**5 - 6*t**2 + 0*t - 1/120*t**6. Calculate j(-8).
4
Let o(v) = -v**3 - 6*v**2 - v - 1. Let x(l) = l + 11*l**2 + 0*l**3 - l